) + (13 - (33 - -8))
21
Evaluate 33 + -2 + (-29 - -59) + -1.
60
Calculate -57 + (6 - 2) - (-24 + 15 + 2).
-46
What is the value of (50 + -1 - 60) + -2 + 1 - 43?
-55
What is (-41 - -21) + 59 + 0?
39
Calculate -5 - (0 + 4 + 19 + -19).
-9
What is (2 - (-73 - -65)) + -111?
-101
What is the value of 1 + 49 - ((6 - 0 - 25) + 21 - -8)?
40
What is 1 - (-1 - 16) - (-20 - -20 - 35)?
53
Calculate -18 + 4 + 31 + -22.
-5
What is 128 + -157 + 65 + 85?
121
Evaluate (1 - -16) + (-92 - -54) + 1 - 13.
-33
Calculate 91 + 22 - (-78 + 277).
-86
Evaluate -4 - -29 - 11 - 24.
-10
What is -22 + 16 + (77 - 72 - (1 - -113) - -6)?
-109
Evaluate -6 - (-24 + 0 + -8 + 21).
5
(3 - -1) + -5 + -5 + (-5 + -9 - -23)
3
Evaluate (-22 - 69) + 10 + 16.
-65
Evaluate (0 - -4) + (-26 - (-23 + 27 + -29)) - 68.
-65
What is the value of 38 - (4 + -14 + -7 + 26 - -2)?
27
What is (-11 + 3 - -12) + (6 - (-16 - (14 + -26)))?
14
What is 21 - (16 + -16 + 11 + -22)?
32
(-1 - (-146 - -95)) + 90
140
What is -29 + 1 - (39 + -2 + -360 + 309)?
-14
Evaluate 12 - (122 + -114 + -8 + 19).
-7
(0 - 6) + 10 + -21 + 16 + 61
60
2 - 32 - (-76 + -9 + 122)
-67
What is the value of (5 - (3 - 2)) + -29 + 240 + -234?
-19
What is the value of -24 - (56 + 3 - 43)?
-40
-123 + -112 + -44 + 181
-98
What is the value of 35 + -1 + -1 + (57 + 95 - 164)?
21
Evaluate (-1 - (18 - (-7 + 0))) + -5.
-31
What is -11 + -48 + (-31 - -62)?
-28
Calculate 24 + (19 - -92) + (13 - 7 - 4).
137
Calculate 137 + (-22 - (-12 + 12) - (-3 + 5)).
113
Calculate 7 + -54 + -17 - -135.
71
What is the value of -12 + (-6 - -10) - (8 + -59 + -8)?
51
-15 - -16 - (20 - 10)
-9
What is -9 + 0 + (5 - (31 + -34)) + (11 - 3)?
7
What is 61 - (67 + (-19 - 40))?
53
What is -71 + (1 - 2 - (-12 + 6 + 8 + -8))?
-66
What is 994 - 1038 - (-1 + (-1 - (1 + -5)) - 16)?
-30
What is the value of -2 + ((-6 - -20) + -22 + 5 - 14)?
-19
Evaluate -4 + -1 + 14 + (10 - 14) - (135 - 181).
51
42 + -12 + (4 - -12) + -6
40
-41 + -4 - (5 + 7 + 9 - 4)
-62
What is the value of 48 - -2 - (-219 - -265)?
4
Calculate (7 - 0) + 30 + -20 + -137 + (-28 - -11).
-137
Calculate -14 + (1 - 20) - (0 + 0).
-33
What is the value of (-147 + 142 - (-18 + (0 - 6 - -10))) + 80?
89
(-8 + 5 - -8) + -2 + -4 - -31
30
Calculate -25 + 6 + (76 - 44) + -36.
-23
4 + -8 + (-20 - (-2 + 3 + 12))
-37
Calculate (30 - (-4 - (2 - 4))) + -19 + 27 + -9.
31
38 - (22 + 15 - -34)
-33
Evaluate (-4 - (0 + 6)) + -99 + 91.
-18
Evaluate -7 + (-6 + -7 - -29) + -44.
-35
What is -10 + 6 + -9 + 1 - (164 + -133)?
-43
Calculate (14 - 2) + 144 + -78 + -48.
30
Evaluate (-13 - -2) + 5 + (-8 - -5) + -11 + 1.
-19
Evaluate 8 - (2 + -1 - 0 - 12 - (-382 + 340)).
-23
(17 - 15) + -11 - (-22 - -10 - 6)
9
Evaluate 31 + -4 + 12 + (-27 - -13).
25
Calculate (27 - 40) + 9 - (42 - 1) - (4 - 2).
-47
What is the value of 209 + (-10 - 291) - (4 + (-1 - (0 - 0)))?
-95
What is the value of (7 - (0 - -6) - (-36 - -70)) + 0 + 1?
-32
Evaluate -17 + (-39 - (42 + -80 + 38)).
-56
(75 - (95 + 8)) + 25 - ((-1 - 78) + 0)
76
Calculate -118 - -2 - (92 + (-187 - -89)).
-110
(-3 - 9) + -5 + (-7 - -13) + 6 + -6
-11
Calculate (20 - 17) + 1 - (12 - 7) - (-28 - 0).
27
Evaluate -2176 + 1935 + (116 - -1).
-124
Calculate -7 + (0 - ((-25 - -11) + 27)) + 4.
-16
What is the value of -16 + (-15 - 20 - -38 - -20)?
7
Calculate 4 - -3 - -74 - (-9 - (0 - -1)).
91
Calculate 39 + 48 + -45 + -21 + -12.
9
Calculate -110 + 19 - -27 - -32 - -101.
69
Calculate -16 + 10 + 1 + 7 - -2.
4
Calculate -2 + -98 + -4 + (-1328 - -1339).
-93
(-7 - -45) + -52 - (1 + 25) - 1
-41
What is the value of -2 + -6 + 13 + -2 - (81 + -64) - 83?
-97
What is (-90 - -82) + -8 + 101?
85
What is the value of -3634 + 3636 + 0 + 1 + 63 + -1?
65
Evaluate 171 - -16 - (-268 + 401).
54
What is -2 + 0 - 7 - ((-30 - -51) + -18)?
-12
What is the value of -71 - (-40 + -17 + 44 - (1 + -11))?
-68
Calculate -50 - 1 - ((123 - -120) + -209).
-85
Calculate -2 - -2 - -4 - (31 + 4) - (-45 - -50).
-36
(-11 - 0) + (5332 - 5355 - ((76 - -1) + -1))
-110
Calculate 6 + 28 + (26 - -35 - 31).
64
What is the value of (12 + -6 - (78 + -16)) + 22 + -38?
-72
Evaluate 26 + -23 - ((-16 - -13) + -1 + -8).
15
-8 - ((-1 - 6) + -72 + 71 - (2 + -2))
0
Calculate -58 - -53 - (-11 + 5 + 0) - -53.
54
(247 - 353) + (-5 - (-2 - (8 + 16)))
-85
(9 - 51) + 87 + -241 + 107
-89
Evaluate (30 - 33) + (-39 - -37 - (-4 - 4)).
3
Evaluate -32 + 32 + 47 + -5.
42
-5 - 15 - (-453 + 422)
11
What is the value of -923 + 908 + 3 + (-5 - -2)?
-15
What is the value of 259 + -161 - (0 - 3)?
101
Evaluate 84 + -46 + 31 + -3 + -3 + (-8 - -3).
58
What is the value of 12 + 1 + (15 + (-28 - -17) - 17)?
0
-66 + 15 + -29 + (10 - (-5 + 3))
-68
What is the value of 16 - 6 - ((-293 - -289) + -40 + -2)?
56
396 + -405 + (0 + (0 - 0) - (-44 - 8))
43
Calculate -13 - -14 - -8 - ((11 + -7 - -71) + -3).
-63
-59 + 3 + 8 + -20
-68
What is 4 + (18 - 40 - 6) + 0 + 68?
44
What is the value of (-3 - 18) + 4 + 19 + -36 + 24?
-10
What is the value of -7 + (8 + 5 - 5) + -65 + 1 + 5?
-58
Evaluate (-25 - (46 - -12)) + 2 + -21.
-102
Evaluate 0 - (0 + -2) - (-3 + -13 + 72 + -82).
28
What is (108 - 84) + 81 - 8?
97
Evaluate 40 + -83 + 57 - 10.
4
Calculate -20 + 4 + -6 + 10 + -3 + 6.
-9
What is the value of -2443 + 2478 - ((0 - -2) + 15)?
18
0 - 0 - (6 + -22 + 12 - -27)
-23
What is (-15 - 53) + 6 + 1 + 4 + 4 + -15?
-68
Evaluate 41 - 41 - (2 + (5 - -1 - (-40 - 11))).
-59
-5 - (1 - -3 - (0 + -7) - (12 - 9))
-13
Evaluate (-9 - -22) + -49 + 20 - 74.
-90
Evaluate 13 + (-7 - 2) + (-1 - -10 - -25).
38
What is the value of -139 + 183 + -11 + -49?
-16
Evaluate -22 + 20 + -8 + -1 + -4.
-15
Calculate -69 + 2 + (-15 - (23 - (22 + 20))).
-63
What is the value of -37 + -129 - -203 - (0 - -38)?
-1
What is the value of -36 + (54 - 92 - 1)?
-75
What is 12 + -26 + 12 + -12 + 14 + 0 + -58?
-58
What is the value of -219 + 99 + 85 - -99?
64
What is -80 + 8 - (75 - (53 - 6))?
-100
What is 4 - -18 - ((-11 - -9) + 15 + -20 + 22)?
7
What is the value of 2 + -21 + (51 - 53) + -13 - -4?
-30
Calculate -13 + (6 - 21) + 40 + (0 + -2 - 44).
-34
What is the value of 81 + (208 - 85) - 90?
114
What is 2 - (-7 - ((-45 - -33 - (0 - 9)) + -23))?
-17
What is the value of 36 + 143 + -151 + -146?
-118
What is 4 + -2 - (13 + -12 + -16 + (45 - 22))?
-6
(-3 - 5 - -23 - 4) + -5 + 5
11
Calculate (-92 - -72 - (3 + -1)) + -10.
-32
Calculate (-15 - (-9 + (-2 - 3))) + (1 - 21).
-21
What is the value of 29 + 5 + (-42 - 2) + 19?
9
What is the value of (-14 - 1 - (-314 + 307) - 4) + -54?
-66
Calculate 3 + 6 - -8 - 24 - (4 + -5 + -25).
19
What is the value of 3 + (-10 - -19 - -18) + (-2 - (6 + -1))?
23
What is the value of -8 - (-24 - (-68 - -42))?
-10
Evaluate -35 - (-52 + 41 + -114).
90
15 + (1 - (-15 - -50))
-19
-4 + (3 - (12 + 1) - -13) + 1
0
What is 3 + (-51 - -3) + -219 + 232 - 6?
-38
-103 + 161 - (1 - -43)
14
What is 4 + (24 + -90 - (2 - 15))?
-49
Evaluate -19 + -11 + -9 + 14 - 24.
-49
Calculate (-12 - -13) + 11 - 62.
-50
What is the value of -5 - (-61 + (-23 - -104))?
-25
What is the value of -133 + 89 + (4 + -13 - -30)?
-23
Calculate (-85 + 70 - (-7 - (4 - 5))) + 0 + -59.
-68
What is the value of -1 - (22 + -1 + (23 - 21))?
-24
Evaluate (125 - 124) + -67 + 4 - 2.
-64
What is the value of (10 - -6) + -37 + -6?
-27
What is -6 + -50 - -1 - (19 - 42)?
-32
Calculate -27 - ((11 + (-7 - 8) - -3) + 9).
-35
Evaluate -10 + 11 - ((-8 - -24 - 17) + (2 - 11)).
11
What is 6 + (1 - 1 - 17) - (39 - 52)?
2
Evaluate -15 + 99 - (28 - 0 - (83 + -77)).
62
Calculate (-204 - -146) + 129 - -37.
108
Evaluate (1 - (26 + -22) - -33) + 51.
81
Calculate (11 - (-14 + 7 + -2 + 17 + -3)) + 3.
9
Evaluate (2 - 12) + (37 - 36) + -24 + -7.
-40
What is the value of -18 - (-55 + -32 - -63) - ((32 - 0) + 0)?
-26
15 - (-68 + 17 - -42 - 17)
41
What is -37 - (-71 - (-67 + 46))?
13
Evaluate -7 + (27 - 32) + 0 + 6 + 49.
43
Calculate 1 + (8 - 45 - 9) + 17.
-28
Evaluate -50 + 16 + 94 + -99.
-39
What is the value of (-54 - 2) + (124 - 104)?
-36
43 - ((-7 - -4) + 22) - 18
6
What is the value of (-66 - 1 - -1) + (-13 + -285 - -289)?
-75
Evaluate 8 + -1 + -86 + 102 + -84.
-61
Calculate -49 - (13 - (11 - 27 - (-56 + 18))).
-40
-48 + 226 + -51 - 188
-61
-137 + 136 + (36 + -42 - (-1 + 11))
-17
Calculate 1 - 15 - ((-832 - -922) + (-1 - 56)).
-47
What is the value of 0 + -54 - (-2309 + 2240)?
15
What is